82 is divided by 92?
90
What is the remainder when 5198 is divided by 208?
206
What is the remainder when 2386 is divided by 2283?
103
Calculate the remainder when 1593 is divided by 52.
33
Calculate the remainder when 703346 is divided by 703326.
20
Calculate the remainder when 12178 is divided by 140.
138
What is the remainder when 3066 is divided by 468?
258
Calculate the remainder when 4449 is divided by 46.
33
Calculate the remainder when 4001 is divided by 2426.
1575
Calculate the remainder when 263145 is divided by 41.
7
What is the remainder when 16648 is divided by 75?
73
What is the remainder when 2497 is divided by 904?
689
What is the remainder when 15646 is divided by 1416?
70
Calculate the remainder when 308837 is divided by 154413.
11
What is the remainder when 125174 is divided by 23?
8
What is the remainder when 34939 is divided by 241?
235
Calculate the remainder when 55949 is divided by 478.
23
What is the remainder when 1213237 is divided by 28?
25
What is the remainder when 1407 is divided by 352?
351
What is the remainder when 945 is divided by 104?
9
Calculate the remainder when 77269 is divided by 19305.
49
Calculate the remainder when 478 is divided by 40.
38
Calculate the remainder when 3139 is divided by 929.
352
Calculate the remainder when 3706 is divided by 575.
256
Calculate the remainder when 12161 is divided by 303.
41
What is the remainder when 20079 is divided by 4009?
34
What is the remainder when 884203 is divided by 401?
399
Calculate the remainder when 3101 is divided by 3039.
62
What is the remainder when 36817 is divided by 30?
7
What is the remainder when 5381 is divided by 607?
525
What is the remainder when 2394363 is divided by 47?
42
Calculate the remainder when 718379 is divided by 29.
20
What is the remainder when 26373 is divided by 13178?
17
What is the remainder when 10169 is divided by 2538?
17
What is the remainder when 52656 is divided by 10531?
1
What is the remainder when 326307 is divided by 194?
193
Calculate the remainder when 4885 is divided by 52.
49
What is the remainder when 252968 is divided by 56?
16
Calculate the remainder when 236360 is divided by 8754.
2
What is the remainder when 8422 is divided by 8253?
169
Calculate the remainder when 2078329 is divided by 123.
121
What is the remainder when 3941 is divided by 1610?
721
What is the remainder when 3188 is divided by 12?
8
What is the remainder when 299927 is divided by 6381?
20
Calculate the remainder when 4801 is divided by 527.
58
Calculate the remainder when 2729 is divided by 38.
31
What is the remainder when 1447830 is divided by 568?
566
Calculate the remainder when 70271 is divided by 128.
127
Calculate the remainder when 4266 is divided by 4232.
34
What is the remainder when 23263 is divided by 2176?
1503
Calculate the remainder when 2131 is divided by 39.
25
Calculate the remainder when 16577 is divided by 23.
17
What is the remainder when 236025 is divided by 90?
45
What is the remainder when 590823 is divided by 104?
103
What is the remainder when 35587 is divided by 124?
123
What is the remainder when 199530 is divided by 61?
60
What is the remainder when 3836 is divided by 383?
6
What is the remainder when 22465 is divided by 117?
1
Calculate the remainder when 1039 is divided by 59.
36
Calculate the remainder when 705 is divided by 655.
50
What is the remainder when 8423 is divided by 11?
8
Calculate the remainder when 245 is divided by 47.
10
Calculate the remainder when 4678 is divided by 25.
3
Calculate the remainder when 5480 is divided by 780.
20
Calculate the remainder when 86756 is divided by 52.
20
What is the remainder when 65832 is divided by 878?
860
Calculate the remainder when 7368 is divided by 39.
36
What is the remainder when 39603 is divided by 165?
3
Calculate the remainder when 6313 is divided by 26.
21
Calculate the remainder when 8544 is divided by 4157.
230
What is the remainder when 1408477 is divided by 37?
35
What is the remainder when 1832 is divided by 1810?
22
What is the remainder when 1599 is divided by 313?
34
Calculate the remainder when 254535 is divided by 79.
76
What is the remainder when 2467 is divided by 363?
289
Calculate the remainder when 94347 is divided by 412.
411
What is the remainder when 721 is divided by 98?
35
Calculate the remainder when 3091 is divided by 124.
115
Calculate the remainder when 21271 is divided by 6766.
973
Calculate the remainder when 480 is divided by 47.
10
Calculate the remainder when 6852 is divided by 221.
1
What is the remainder when 5956 is divided by 61?
39
What is the remainder when 557394 is divided by 889?
880
Calculate the remainder when 303436 is divided by 346.
340
Calculate the remainder when 7077 is divided by 39.
18
Calculate the remainder when 12326 is divided by 6134.
58
What is the remainder when 155133 is divided by 121?
11
Calculate the remainder when 12695 is divided by 146.
139
Calculate the remainder when 73859 is divided by 395.
389
What is the remainder when 77156 is divided by 43?
14
Calculate the remainder when 4824 is divided by 2151.
522
Calculate the remainder when 16126 is divided by 1007.
14
What is the remainder when 62634 is divided by 45?
39
Calculate the remainder when 597548 is divided by 22.
6
What is the remainder when 2353 is divided by 45?
13
What is the remainder when 48882 is divided by 2128?
2066
What is the remainder when 16828 is divided by 8293?
242
What is the remainder when 2374 is divided by 125?
124
What is the remainder when 28075 is divided by 260?
255
What is the remainder when 41624 is divided by 225?
224
What is the remainder when 3314 is divided by 561?
509
Calculate the remainder when 441437 is divided by 5.
2
What is the remainder when 12749 is divided by 162?
113
What is the remainder when 3268 is divided by 1615?
38
What is the remainder when 8109 is divided by 16?
13
What is the remainder when 24133 is divided by 5998?
141
What is the remainder when 31158 is divided by 40?
38
Calculate the remainder when 5082 is divided by 984.
162
Calculate the remainder when 7517 is divided by 496.
77
Calculate the remainder when 55760 is divided by 7.
5
What is the remainder when 340973 is divided by 2772?
17
What is the remainder when 7665 is divided by 918?
321
Calculate the remainder when 30002 is divided by 85.
82
What is the remainder when 226 is divided by 33?
28
Calculate the remainder when 61515 is divided by 20492.
39
Calculate the remainder when 62518 is divided by 4164.
58
What is the remainder when 986279 is divided by 17612?
7
Calculate the remainder when 31358 is divided by 112.
110
Calculate the remainder when 1066835 is divided by 59.
56
Calculate the remainder when 135406 is divided by 388.
382
Calculate the remainder when 163567 is divided by 317.
312
What is the remainder when 52595 is divided by 289?
286
What is the remainder when 71581 is divided by 22?
15
What is the remainder when 457391 is divided by 564?
551
What is the remainder when 6270 is divided by 2004?
258
What is the remainder when 1308118 is divided by 1979?
1978
What is the remainder when 124696 is divided by 12469?
6
Calculate the remainder when 518671 is divided by 56.
55
Calculate the remainder when 529 is divided by 112.
81
What is the remainder when 6922 is divided by 266?
6
Calculate the remainder when 114439 is divided by 111.
109
Calculate the remainder when 137979 is divided by 77.
72
Calculate the remainder when 16767 is divided by 300.
267
What is the remainder when 1235 is divided by 1229?
6
What is the remainder when 7191 is divided by 33?
30
What is the remainder when 12018 is divided by 201?
159
Calculate the remainder when 137245 is divided by 10.
5
Calculate the remainder when 117685 is divided by 94.
91
What is the remainder when 522059 is divided by 226?
225
Calculate the remainder when 2591 is divided by 496.
111
What is the remainder when 2567 is divided by 419?
53
Calculate the remainder when 131375 is divided by 27.
20
What is the remainder when 81111 is divided by 33?
30
What is the remainder when 632356 is divided by 17?
7
What is the remainder when 9320 is divided by 41?
13
What is the remainder when 1015252 is divided by 934?
928
Calculate the remainder when 3483 is divided by 106